n 932613 is divided by 293.
287
What is the remainder when 46633502 is divided by 832741?
6
What is the remainder when 50910 is divided by 4625?
35
Calculate the remainder when 181263 is divided by 2351.
236
Calculate the remainder when 2787426 is divided by 10359.
855
Calculate the remainder when 1475168 is divided by 471.
467
Calculate the remainder when 46639527 is divided by 26.
25
What is the remainder when 70101173 is divided by 23367055?
8
Calculate the remainder when 1160709 is divided by 211.
209
Calculate the remainder when 30959490 is divided by 34553.
2
Calculate the remainder when 135116 is divided by 6432.
44
Calculate the remainder when 492429 is divided by 1765.
1759
Calculate the remainder when 14531224 is divided by 820.
4
Calculate the remainder when 5283027 is divided by 2743.
9
Calculate the remainder when 39277 is divided by 5454.
1099
Calculate the remainder when 899378 is divided by 31013.
1
Calculate the remainder when 1181580 is divided by 755.
5
What is the remainder when 1216656 is divided by 508?
504
Calculate the remainder when 50144 is divided by 2784.
32
Calculate the remainder when 1144613 is divided by 2140.
1853
What is the remainder when 2047730 is divided by 682568?
26
Calculate the remainder when 86737 is divided by 1128.
1009
What is the remainder when 163882 is divided by 1466?
1156
What is the remainder when 2070265 is divided by 12701?
2
Calculate the remainder when 631451 is divided by 2620.
31
Calculate the remainder when 77295250 is divided by 70.
60
Calculate the remainder when 53266 is divided by 1015.
486
Calculate the remainder when 11783071 is divided by 3730.
1
What is the remainder when 227467 is divided by 43?
40
What is the remainder when 50989 is divided by 10185?
64
Calculate the remainder when 427702 is divided by 427687.
15
Calculate the remainder when 3393779 is divided by 26.
25
What is the remainder when 71464996 is divided by 4693?
4685
What is the remainder when 4771885 is divided by 207458?
351
Calculate the remainder when 17939305 is divided by 23.
18
Calculate the remainder when 745425 is divided by 94.
5
Calculate the remainder when 584182 is divided by 9262.
676
Calculate the remainder when 45233951 is divided by 9046790.
1
What is the remainder when 40092 is divided by 5715?
87
What is the remainder when 362481 is divided by 1477?
616
What is the remainder when 319826 is divided by 599?
559
Calculate the remainder when 305848 is divided by 12741.
64
Calculate the remainder when 7854 is divided by 319.
198
Calculate the remainder when 57969690 is divided by 35.
30
What is the remainder when 49064 is divided by 563?
83
Calculate the remainder when 805941 is divided by 134310.
81
What is the remainder when 4623754 is divided by 1155933?
22
Calculate the remainder when 64367561 is divided by 723231.
2
Calculate the remainder when 4923359 is divided by 1641110.
29
What is the remainder when 2591350 is divided by 172753?
55
Calculate the remainder when 662484094 is divided by 4484.
4482
Calculate the remainder when 496704 is divided by 99336.
24
What is the remainder when 293582 is divided by 71?
68
What is the remainder when 24534 is divided by 5937?
786
Calculate the remainder when 57837883 is divided by 10630.
53
Calculate the remainder when 53864411 is divided by 173.
169
Calculate the remainder when 4701518 is divided by 5797.
151
What is the remainder when 17981596 is divided by 373?
12
Calculate the remainder when 934795 is divided by 7841.
1716
Calculate the remainder when 182863 is divided by 1228.
1119
What is the remainder when 5076851 is divided by 103609?
10
What is the remainder when 1311410 is divided by 1301?
2
Calculate the remainder when 3347200 is divided by 866.
110
Calculate the remainder when 655574 is divided by 217714.
2432
Calculate the remainder when 47503290 is divided by 230.
10
What is the remainder when 132988 is divided by 43800?
1588
What is the remainder when 285251750 is divided by 6?
2
Calculate the remainder when 1669609 is divided by 333854.
339
Calculate the remainder when 770919 is divided by 91.
58
Calculate the remainder when 5320222 is divided by 1064007.
187
What is the remainder when 17652088 is divided by 433?
410
Calculate the remainder when 10259409 is divided by 90791.
26
Calculate the remainder when 620694 is divided by 1809.
207
What is the remainder when 98139 is divided by 3792?
3339
What is the remainder when 565633 is divided by 3091?
3071
Calculate the remainder when 38461 is divided by 4770.
301
What is the remainder when 110472 is divided by 99?
87
Calculate the remainder when 24160 is divided by 1341.
22
What is the remainder when 56782675 is divided by 10998?
1
What is the remainder when 124567 is divided by 464?
215
What is the remainder when 383442 is divided by 337?
273
Calculate the remainder when 461354 is divided by 153724.
182
Calculate the remainder when 131615 is divided by 31.
20
Calculate the remainder when 2832 is divided by 553.
67
What is the remainder when 291744 is divided by 261?
207
Calculate the remainder when 204515 is divided by 68168.
11
Calculate the remainder when 131130 is divided by 2792.
2698
Calculate the remainder when 249738 is divided by 5219.
4445
Calculate the remainder when 7402767 is divided by 191.
180
Calculate the remainder when 40780039 is divided by 149.
80
What is the remainder when 77902329 is divided by 34?
33
What is the remainder when 829664 is divided by 1804?
1628
What is the remainder when 3692078 is divided by 1520?
1518
Calculate the remainder when 333232 is divided by 53.
21
Calculate the remainder when 67914 is divided by 16779.
798
What is the remainder when 167266300 is divided by 2438?
2434
What is the remainder when 2138812 is divided by 191?
185
What is the remainder when 155174835 is divided by 1534?
1531
What is the remainder when 775877 is divided by 1391?
1090
What is the remainder when 358782 is divided by 97?
76
What is the remainder when 25751161 is divided by 180078?
7
What is the remainder when 8760021 is divided by 234?
231
Calculate the remainder when 100420605 is divided by 4656.
4653
Calculate the remainder when 38267677 is divided by 16.
13
Calculate the remainder when 3253922 is divided by 1031.
86
Calculate the remainder when 81998 is divided by 752.
30
What is the remainder when 91060932 is divided by 173?
133
What is the remainder when 35162 is divided by 34824?
338
Calculate the remainder when 1398371 is divided by 165.
161
Calculate the remainder when 1804916 is divided by 33424.
20
What is the remainder when 8618319 is divided by 1723659?
24
Calculate the remainder when 91227 is divided by 29630.
2337
Calculate the remainder when 97956 is divided by 24461.
112
What is the remainder when 729023733 is divided by 14?
11
What is the remainder when 2491653 is divided by 150?
3
Calculate the remainder when 173221436 is divided by 57740477.
5
Calculate the remainder when 4639411 is divided by 31.
13
Calculate the remainder when 6733692 is divided by 38.
16
What is the remainder when 6124395 is divided by 9350?
145
What is the remainder when 902310 is divided by 451153?
4
What is the remainder when 9420 is divided by 8000?
1420
What is the remainder when 78580 is divided by 1665?
325
Calculate the remainder when 1918626 is divided by 93.
36
Calculate the remainder when 202156519 is divided by 67385505.
4
What is the remainder when 29517052 is divided by 192?
124
What is the remainder when 7911878 is divided by 184?
62
What is the remainder when 466771044 is divided by 14?
12
Calculate the remainder when 199012 is divided by 6343.
2379
Calculate the remainder when 2125852 is divided by 1577.
56
Calculate the remainder when 42506333 is divided by 2745.
8
Calculate the remainder when 228366 is divided by 13259.
2963
What is the remainder when 414260 is divided by 138046?
122
Calculate the remainder when 21176231 is divided by 4.
3
What is the remainder when 332019 is divided by 39?
12
Calculate the remainder when 882936 is divided by 882075.
861
What is the remainder when 1208236 is divided by 402622?
370
Calculate the remainder when 8778071 is divided by 3.
2
Calculate the remainder when 43256 is divided by 14286.
398
Calculate the remainder when 29659